 common factor of f and q.
17
Suppose 111*t = 115*t - 132. Calculate the highest common divisor of 363 and t.
33
Let l = 423 - 287. Let j(i) = 36*i**2 - 101*i - 4. Let t be j(3). What is the greatest common divisor of t and l?
17
Let a be (-2)/(-14) + (-1395)/(-35). Suppose -3*y - 3*z + 27 = 0, -4*y = z - 5 - a. Let u be y/10*15/6. What is the greatest common factor of u and 33?
3
Let z(g) = -25*g + 121. Let l be z(4). Suppose 2*y - 4*f = 34, -2*f + 109 = 5*y - 0*f. Calculate the highest common factor of y and l.
21
Let f = -232 - -328. Let d be f*(12/9 + -1). Calculate the greatest common divisor of 8 and d.
8
Let l(x) = x**2 - 18*x - 5. Let h be l(19). What is the greatest common divisor of h and 322?
14
Let l be ((-9)/27)/(1/(-6)). Suppose -l*o + 6 = k - 3, 2*k + 6 = 4*o. Let v(j) = 3*j + 3. Let a be v(o). What is the highest common divisor of a and 96?
12
Let k = -32 - -16. Let o be 23*2*k/32. Let w = 43 + o. Calculate the greatest common divisor of 50 and w.
10
Let p = -5 - -7. Suppose -p*s + 0*s = -4*w + 206, 5*w + 4*s - 238 = 0. Calculate the highest common factor of 10 and w.
10
Let d(z) = z**3 - 11*z**2 - 2*z + 37. Let a be d(11). What is the highest common divisor of a and 9?
3
Let n(w) = 29*w - 118. Let d be n(12). What is the greatest common factor of 23 and d?
23
Suppose -1417*b - 162 = -1423*b. Calculate the greatest common divisor of 729 and b.
27
Suppose 2*b + 22 = t, 0 = 3*t - 9*b + 4*b - 71. Calculate the greatest common divisor of t and 10.
2
Let j be (17/((-119)/294))/(3 - 5). What is the highest common factor of j and 567?
21
Suppose 28*k - 16*k - 1224 = 0. Calculate the greatest common factor of k and 255.
51
Suppose -5*y = -15*j + 12*j - 4489, -j = 3*y - 2685. What is the highest common factor of 7 and y?
7
Let k be 1/30*6 + (-348)/(-10). Calculate the highest common divisor of 105 and k.
35
Suppose 0 = 9*i - 4*i - 5, -2*s - 3*i + 65 = 0. Let t = s + -25. What is the highest common factor of t and 96?
6
Suppose -5*f = 6*p - p - 2270, 2272 = 5*p + 4*f. Calculate the greatest common factor of p and 96.
24
Let i be (-5)/3*6*-2. Suppose 2*v + i = 7*v. Suppose -78 = -5*h - 2*p, h + v*p - 34 = -p. Calculate the highest common factor of h and 21.
7
Let m = 6 - 4. Suppose -4 = -0*k + 2*k, -4 = 4*x + m*k. Suppose x*w = 4*w - 36. What is the greatest common divisor of 72 and w?
9
Suppose -5 = -3*j + 2*j. Let q = 8 - 8. Suppose -10 = -u - 5*n + 10, q = -u - 3*n + 16. Calculate the highest common divisor of j and u.
5
Let o be ((-102)/(-4))/(3/(-4)). Let s = o - -49. Suppose -2*g = 5*z - 83, -g = 2*z - 3*z + 11. Calculate the greatest common divisor of s and z.
15
Let h = -20 + 23. Suppose h*f = f + 10. Suppose f*z = -5*v + 15, -2*v = v - 5*z - 33. Calculate the greatest common divisor of v and 30.
6
Suppose k - 117 = w, 5*w - 255 = 2*k - 4*k. What is the highest common divisor of 8 and k?
8
Suppose -v + 1 = -3*r, 2*r = 3*r + v - 1. Suppose 0 = -3*y - r*y + 90. Let m be ((10/15)/(-1) + (-58)/(-6))*5. Calculate the highest common divisor of m and y.
15
Let q(w) = w**3 - 8*w**2 + 4*w + 10. Let t be q(8). Let u = t - -63. Calculate the highest common divisor of u and 21.
21
Let j = -1188 - -1224. Suppose 4*q - 20 = -0*q + w, -5*q + w = -24. Calculate the highest common divisor of q and j.
4
Let m(a) be the third derivative of a**5/60 + a**4/8 + 2*a**3/3 - 6*a**2. Let l be m(-6). Let r = 70 - l. What is the highest common factor of 32 and r?
16
Let k be (10 + -5)*(-1 + 11). Let v be (-1 - 2)*k/6. Let y = v + 40. What is the highest common divisor of y and 6?
3
Let v(p) be the first derivative of 5 - 1/2*p**2 + 4*p. Let h be v(-11). What is the greatest common divisor of h and 135?
15
Suppose -5*u - 5*l = -0*l - 15, 4*l = 5*u + 3. Let k = 246 + -245. Calculate the highest common divisor of k and u.
1
Let l(x) = x**2 + 6*x + 8. Let j be l(-5). Suppose -j*i = -f - 2*f - 24, 0 = i - 5*f + 12. What is the greatest common divisor of 39 and i?
13
Let s be (10/1)/2 - 1. Suppose j + 5*f = -1, 4*j - 13 = 2*j + 5*f. Calculate the greatest common divisor of j and s.
4
Suppose -6*u + 4*u = 48. Let l = 40 + u. Let z be -12*(1 - (-5)/(-3)). What is the highest common divisor of z and l?
8
Let i be 6*8/(-12) - (-26 + 4). Calculate the greatest common divisor of 10 and i.
2
Suppose -3*m = -m - 10. Let b(q) = 8*q - 8*q - 5 - q**2 - 13*q. Let i be b(-5). Calculate the greatest common divisor of i and m.
5
Let r be 0 + -5 + 4 + 1. Suppose -2*b + x - 5*x = -316, r = -3*x + 9. What is the highest common divisor of 19 and b?
19
Let d(n) = n**3 - 40*n**2 + 42*n - 116. Let l be d(39). What is the greatest common divisor of 61 and l?
1
Suppose 3*r = 5*r - 2. Let u(k) = 140*k. Let w be u(r). Calculate the greatest common factor of 28 and w.
28
Let p = 54 - 51. Let k be (-19 - (1 - p))/(-1 - 0). What is the highest common factor of 1 and k?
1
Suppose -3*p = -46*z + 50*z + 8, 11 = 4*p + z. Let v = -60 + 104. Calculate the greatest common divisor of v and p.
4
Let r = 109 + -105. Suppose -l + 2 = 2*m, 0 = 5*m + 2*l - 2 - r. Calculate the greatest common factor of 10 and m.
2
Let x be (0 - -4 - -28)/(3 + -1). Calculate the highest common divisor of x and 12.
4
Let a(j) = -j**3 - 6*j**2 - 9*j - 8. Let x be a(-5). Calculate the highest common factor of x and 132.
12
Suppose 2*q = 4 + 2. Suppose q*x + 11 = 4*x. What is the greatest common divisor of x and 77?
11
Let i be ((-6)/(-2) + -2)/1. Suppose -71*z + 72*z - 11 = 0. Calculate the highest common factor of z and i.
1
Suppose 5*l + z - 587 = 473, l = 2*z + 212. What is the highest common factor of l and 1802?
106
Suppose -1325 = 96*y - 101*y. Calculate the greatest common divisor of y and 318.
53
Let t = -23 - -44. Let g = 26 - t. Suppose -5*b = g*p - 15, 4*p - 2*p + 1 = 5*b. What is the greatest common factor of 8 and p?
2
Let i = -858 + 918. Let p(q) = -9*q + 2. Let v be p(-2). What is the greatest common factor of v and i?
20
Suppose 0 = 3*m + m - 64. Suppose -2*j + m = -j. Suppose 3*f - 5 = 19. What is the greatest common divisor of f and j?
8
Suppose -3*p = 12, -3*p - p = 5*h - 154. Suppose -4*w + 70 = 5*g, -7*w + 2*w = -5*g + 70. Let v be 7696/91 + 6/g. What is the highest common divisor of h and v?
17
Suppose -11*u - 33 = -55. Let z = -6 - -2. Let s be (-1)/z*(-12)/(-3). What is the greatest common factor of s and u?
1
Suppose 22*g - 3*w - 77 = 17*g, -3*w = -4*g + 61. Let o be (-16)/5*(-35)/2. What is the greatest common factor of o and g?
8
Suppose -4*y = 3*o - 32, -y + o - 24 = -5*y. Suppose 2*v - y*v = 5*u - 485, v = 2*u + 180. Calculate the greatest common divisor of 68 and v.
34
Let p be (20*-7 - -4)/(-1). Let s = 198 - p. What is the highest common divisor of s and 31?
31
Suppose 0 = -5*f + 10, 2*d = 3*f + f - 14. Let n = 7 + d. Calculate the greatest common divisor of n and 16.
4
Let j(u) = u**3 + 8*u**2 + 4*u - 3. Let n = 31 + -38. Let f be j(n). Calculate the greatest common divisor of 54 and f.
18
Let j(g) = -g**2 - 6*g - 1. Suppose 0*r - 4*r = 24. Let q = r + 2. Let c be j(q). What is the highest common factor of 7 and c?
7
Let z(l) = 16*l**3 - 2*l**2 + l. Let g be z(1). Let b be (g + -2 + -2)*1. What is the highest common factor of b and 11?
11
Suppose 0 = -0*r - 2*r + 56. Suppose 0 = 5*a - 2*w + w - r, -20 = -5*a + 5*w. What is the greatest common factor of 36 and a?
6
Let t(f) = 44*f**2 - f + 2. Let h be t(-2). Let u(q) = 31*q + 463. Let y be u(-13). What is the greatest common factor of h and y?
60
Let k = -18 + 21. Let v be 1 - (3*-5 - k). What is the highest common divisor of v and 209?
19
Suppose -k - 2 = -y, 0*k = 3*y + 3*k + 24. Let i be y*(-35)/15*44. Calculate the highest common factor of 28 and i.
28
Suppose 61 = o + 13*b - 10*b, -3*b = 6. What is the greatest common factor of 603 and o?
67
Let d(j) = -7*j**3 + 1 - 9*j**3 + 6*j**3 - j**2. Let g be d(-1). Suppose 2*x = -0*x + 20. What is the greatest common divisor of x and g?
10
Let b(m) = -m**3 - 10*m**2 - 4*m - 21. Let k be b(-10). Calculate the highest common divisor of 38 and k.
19
Let z(k) = -k**3 + 8*k**2 + 2*k - 6. Let y be z(8). Let l be 612/(-27)*(-9)/(-2). Let b = l - -182. What is the greatest common divisor of b and y?
10
Let u = -959 - -1899. Calculate the greatest common factor of u and 60.
20
Let y = 17 - 13. Let x(i) 